the prime factors of 951315.
3, 5, 63421
List the prime factors of 976712.
2, 11, 1009
List the prime factors of 186147.
3, 13, 37, 43
List the prime factors of 54766.
2, 139, 197
What are the prime factors of 2748058?
2, 1374029
List the prime factors of 258888.
2, 3, 7, 23, 67
List the prime factors of 320480.
2, 5, 2003
List the prime factors of 78092.
2, 7, 2789
List the prime factors of 6760925.
5, 270437
What are the prime factors of 18470668?
2, 31, 148957
List the prime factors of 275312.
2, 17207
What are the prime factors of 76400?
2, 5, 191
List the prime factors of 42889.
7, 11, 557
List the prime factors of 7250537.
7, 1035791
What are the prime factors of 6771116?
2, 11, 153889
What are the prime factors of 45522?
2, 3, 281
What are the prime factors of 2633690?
2, 5, 263369
What are the prime factors of 2974659?
3, 19, 23, 2269
List the prime factors of 1870143.
3, 11, 56671
List the prime factors of 357825.
3, 5, 13, 367
What are the prime factors of 4424403?
3, 17, 86753
List the prime factors of 3981188.
2, 947, 1051
What are the prime factors of 216412?
2, 7, 59, 131
List the prime factors of 1495674.
2, 3, 83093
List the prime factors of 1818735.
3, 5, 29, 37, 113
What are the prime factors of 3256?
2, 11, 37
What are the prime factors of 4450394?
2, 13, 171169
List the prime factors of 577899.
3, 7, 9173
What are the prime factors of 297391?
297391
What are the prime factors of 18271774?
2, 457, 19991
What are the prime factors of 201245?
5, 11, 3659
List the prime factors of 759148.
2, 13, 1123
List the prime factors of 35367.
3, 11789
List the prime factors of 167036.
2, 41759
What are the prime factors of 163673?
163673
What are the prime factors of 2071150?
2, 5, 23, 1801
What are the prime factors of 6308020?
2, 5, 17, 18553
List the prime factors of 3603509.
7, 13, 5657
List the prime factors of 1584131.
31, 137, 373
List the prime factors of 6222534.
2, 3, 1037089
List the prime factors of 17816357.
13, 17, 19, 4243
What are the prime factors of 22089216?
2, 3, 73, 197
List the prime factors of 1286626.
2, 11, 233, 251
List the prime factors of 6347133.
3, 13, 107
List the prime factors of 11224476.
2, 3, 311791
What are the prime factors of 7191214?
2, 3595607
List the prime factors of 138423.
3, 46141
What are the prime factors of 83214?
2, 3, 23, 67
List the prime factors of 1681224.
2, 3, 70051
List the prime factors of 1605664.
2, 50177
What are the prime factors of 1282772?
2, 320693
What are the prime factors of 4115?
5, 823
What are the prime factors of 697002?
2, 3, 116167
List the prime factors of 470436.
2, 3, 197, 199
List the prime factors of 233399.
31, 7529
What are the prime factors of 318760?
2, 5, 13, 613
What are the prime factors of 640572?
2, 3, 53381
List the prime factors of 18006547.
13, 19, 72901
What are the prime factors of 30007?
37, 811
List the prime factors of 1398837.
3, 11, 19, 23, 97
What are the prime factors of 91716?
2, 3, 7643
List the prime factors of 321124.
2, 43, 1867
List the prime factors of 946517.
11, 13, 6619
List the prime factors of 10429389.
3, 1158821
List the prime factors of 7006054.
2, 11, 318457
List the prime factors of 7853669.
19, 281, 1471
What are the prime factors of 383082?
2, 3, 7, 1303
What are the prime factors of 204756?
2, 3, 113, 151
List the prime factors of 3590122.
2, 1795061
List the prime factors of 480782.
2, 421, 571
What are the prime factors of 106303?
106303
List the prime factors of 831051.
3, 13, 7103
List the prime factors of 6445029.
3, 2148343
What are the prime factors of 845973?
3, 93997
List the prime factors of 9634700.
2, 5, 23, 59, 71
List the prime factors of 26755865.
5, 5351173
List the prime factors of 706522.
2, 457, 773
What are the prime factors of 2433946?
2, 1216973
List the prime factors of 811061.
181, 4481
What are the prime factors of 24669813?
3, 7, 107, 10979
What are the prime factors of 5607336?
2, 3, 7, 33377
List the prime factors of 7497088.
2, 37, 1583
List the prime factors of 496724.
2, 124181
List the prime factors of 2715780.
2, 3, 5, 45263
List the prime factors of 168371.
7, 67, 359
List the prime factors of 53085.
3, 5, 3539
What are the prime factors of 1518839?
7, 61, 3557
What are the prime factors of 4279752?
2, 3, 59441
What are the prime factors of 1180834?
2, 131, 4507
What are the prime factors of 2025917?
2025917
What are the prime factors of 16200692?
2, 19, 59, 3613
List the prime factors of 5490636.
2, 3, 457553
What are the prime factors of 4682190?
2, 3, 5, 97, 1609
List the prime factors of 4588794.
2, 3, 7, 79, 461
List the prime factors of 267033.
3, 13, 41, 167
What are the prime factors of 559654?
2, 461, 607
List the prime factors of 33394043.
33394043
What are the prime factors of 1951068?
2, 3, 7, 23227
List the prime factors of 62765.
5, 12553
What are the prime factors of 1025721?
3, 113969
What are the prime factors of 615826?
2, 367, 839
What are the prime factors of 242328?
2, 3, 23, 439
What are the prime factors of 2449869?
3, 79, 10337
List the prime factors of 958428.
2, 3, 79, 337
What are the prime factors of 6842055?
3, 5, 11, 41467
What are the prime factors of 250025?
5, 73, 137
What are the prime factors of 793052?
2, 13, 101, 151
List the prime factors of 3971306.
2, 109, 18217
What are the prime factors of 206047?
206047
What are the prime factors of 1530870?
2, 3, 5, 11, 4639
What are the prime factors of 3389793?
3, 11, 139, 739
What are the prime factors of 627825?
3, 5, 11, 761
List the prime factors of 1271063.
683, 1861
What are the prime factors of 36608645?
5, 7321729
What are the prime factors of 25804?
2, 6451
What are the prime factors of 270487?
7, 17, 2273
List the prime factors of 9707764.
2, 11, 37, 67, 89
List the prime factors of 4745098.
2, 19, 193, 647
What are the prime factors of 791646?
2, 3, 131941
List the prime factors of 1721476.
2, 19, 22651
List the prime factors of 842397.
3, 227, 1237
What are the prime factors of 20379707?
2339, 8713
List the prime factors of 1187837.
7, 169691
What are the prime factors of 97045?
5, 13, 1493
List the prime factors of 3026544.
2, 3, 17, 3709
What are the prime factors of 2023304?
2, 252913
What are the prime factors of 13116668?
2, 101, 32467
List the prime factors of 109715.
5, 21943
List the prime factors of 8158633.
7, 953, 1223
What are the prime factors of 1050798?
2, 3, 7, 127, 197
List the prime factors of 37293760.
2, 5, 7, 16649
What are the prime factors of 12599175?
3, 5, 31, 5419
What are the prime factors of 1574950?
2, 5, 13, 2423
List the prime factors of 1189246.
2, 41, 14503
What are the prime factors of 159155?
5, 139, 229
List the prime factors of 1372368.
2, 3, 28591
What are the prime factors of 5333029?
13, 410233
What are the prime factors of 17903042?
2, 37, 113, 2141
List the prime factors of 289091.
11, 41, 641
What are the prime factors of 913119?
3, 304373
List the prime factors of 2584520.
2, 5, 64613
List the prime factors of 40241.
40241
What are the prime factors of 2840050?
2, 5, 79, 719
What are the prime factors of 1241536?
2, 19, 1021
What are the prime factors of 13716981?
3, 1524109
List the prime factors of 1715664.
2, 3, 31, 1153
List the prime factors of 224052.
2, 3, 18671
What are the prime factors of 2015101?
11, 183191
What are the prime factors of 13480904?
2, 1685113
What are the prime factors of 133356?
2, 3, 11113
What are the prime factors of 9835191?
3, 23, 47513
List the prime factors of 3990770.
2, 5, 7, 47, 1213
List the prime factors of 3364024.
2, 420503
List the prime factors of 791852.
2, 197963
List the prime factors of 7054622.
2, 3527311
What are the prime factors of 222665?
5, 44533
What are the prime factors of 277333?
7, 39619
List the prime factors of 3219878.
2, 191, 8429
What are the prime factors of 1710648?
2, 3, 23, 1033
What are the prime factors of 50499?
3, 31, 181
List the prime factors of 2358176.
2, 73693
List the prime factors of 296184.
2, 3, 7, 41, 43
List the prime factors of 4561484.
2, 1140371
What are the prime factors of 4540068?
2, 3, 13, 89, 109
List the prime factors of 747305.
5, 13, 11497
List the prime factors of 1422518.
2, 711259
What are the prime factors of 2373386?
2, 1186693
What are the prime factor